 prime factors of c.
2
Let t(p) = -p + 14. Let d be t(10). Let v be (d/(-8))/(1/(-12)). Suppose 3*l = l + v. What are the prime factors of l?
3
Let c = 6 + -9. Let t(j) be the second derivative of j**5/20 + j**4/4 - j**3/2 + j**2/2 - 5*j. What are the prime factors of t(c)?
2, 5
Let i(s) = 0*s - 4 - 2*s - 1. Suppose -v + 4*p = 19, -5*p + 4*p = v + 4. List the prime factors of i(v).
3
Suppose 3*z + 2*z - 15 = 0. What are the prime factors of z?
3
Let y(h) = h + 10. Let g be y(-7). Suppose -k = -3*t - 4*k, -2*t - g*k + 1 = 0. Let j = t + 11. What are the prime factors of j?
2, 5
Let o = -67 + 36. Let g = -16 - o. List the prime factors of g.
3, 5
Let b(k) = k + 4. Let u(p) = -2*p - 3. Let x(f) = -3*b(f) - 4*u(f). List the prime factors of x(3).
3, 5
What are the prime factors of ((-2)/(-6))/((-2)/(-858))?
11, 13
Let b(o) = -5*o**2 + 2*o + 2. Let d be 2/((-1)/1) + 0. Let i be b(d). Let j = -14 - i. What are the prime factors of j?
2
What are the prime factors of 3 - (-516)/3 - -3?
2, 89
Let m be 6*(-1)/(6/9). Let o = -4 - m. List the prime factors of (18/5)/(2/o).
3
Let u(w) = -w - 1. Let c(b) = 7*b + 8. Let k(j) = -c(j) - 6*u(j). Let l be k(-5). Suppose q + l*q = 36. List the prime factors of q.
3
Let k(q) = 2*q**3 + 4*q**2 - 7*q + 6. List the prime factors of k(3).
3, 5
Let s(k) be the second derivative of k**4/12 + 5*k**3/6 + 3*k**2 - 2*k. Let j(c) = -c**2 + 6*c - 5. Let y be j(6). What are the prime factors of s(y)?
2, 3
Let j(o) = o + 7. Let s be j(-5). Let h = 1 + s. Suppose 0 = -x + 20 - h. What are the prime factors of x?
17
Suppose -7 = -l - 2. Suppose -6 - 4 = l*g. Let p(d) = d**2 - 2*d. What are the prime factors of p(g)?
2
Suppose -2*k + 34 = -3*h, -4*k + 48 = -0*k - h. Let d = k - 2. What are the prime factors of d?
3
Let q = 221 + -87. What are the prime factors of q?
2, 67
Let l(m) = m**2 - 2*m + 4. Let d be l(-6). What are the prime factors of -6*(d/(-6) - -3)?
2, 17
Suppose d + 0*d - 5*h = -24, -5 = 5*d - 2*h. Let l be (7/d - 1) + -2. Let o = l - -10. List the prime factors of o.
2, 7
Suppose 0*v - 3*v = -93. Suppose -5*l + v = -19. List the prime factors of l.
2, 5
List the prime factors of 4064/144 - 2/9.
2, 7
Suppose 3*f - 6 - 9 = 0. Let z = f + 4. What are the prime factors of z?
3
Suppose 3*r - 289 = -5*b, -3*b + 3*r + 159 = -0*b. List the prime factors of b.
2, 7
Let i(t) = 9*t**2 + 4*t + 24. What are the prime factors of i(-4)?
2, 19
Let v(l) = -58*l**3 + 3*l + 1. List the prime factors of v(-1).
2, 7
Let n = 2 + -4. Let y(p) be the first derivative of 4*p**3/3 + p**2/2 + 2*p - 12. What are the prime factors of y(n)?
2
Suppose -f + v = -135, 0 = -f - v + 4*v + 133. Let d = f + -91. List the prime factors of d.
3, 5
Let g be (25*2)/((-14)/(-21)). Let x = g - 54. List the prime factors of x.
3, 7
Suppose -f = -2*f + 21. What are the prime factors of f?
3, 7
Let t = 97 - 45. What are the prime factors of t?
2, 13
Let n(o) = -3*o**3 - 9*o**2 - 10. What are the prime factors of n(-5)?
2, 5, 7
Suppose -27 = 3*w + 2*d - 76, -3*w + 43 = -d. Suppose p = 6*p - w. What are the prime factors of -1*p/6*-16?
2
Let n(r) be the third derivative of 5*r**4/12 - 5*r**3/2 - 5*r**2. List the prime factors of n(7).
5, 11
Let a be (-3)/(-3 - 48/(-20)). Suppose q = a - 2. List the prime factors of q.
3
Let z be 0/(-2 - 0 - -3). Suppose -5*j - y + 132 = 0, -3*j - 2*j + 4*y + 122 = z. Suppose -2*v = 8 - j. What are the prime factors of v?
3
Let n = 180 + -109. List the prime factors of n.
71
List the prime factors of (2/(-4))/(3/(-216)).
2, 3
Suppose 30*b - 232 = 28*b. List the prime factors of b.
2, 29
Suppose -8 = -4*j - 3*i + i, -4*i = 0. Let t(a) = j*a - 5 - a + 3*a + 6. What are the prime factors of t(1)?
5
Let u = -3 - -6. Suppose -14 = -u*a + 10. Suppose -5*l - 3*j = -a - 41, 0 = -2*l - 2*j + 22. List the prime factors of l.
2
Suppose 7*v - 2*v = 0. Suppose -2*r + 3*r - 15 = v. What are the prime factors of r?
3, 5
Let u(y) = y**3 - y**2 - 10*y + 20. List the prime factors of u(7).
2, 61
What are the prime factors of 2/(((-12)/20)/((-102)/4))?
5, 17
Let z(b) = b**3 + 7*b**2 + 6*b - 2. Let h be z(-6). What are the prime factors of h/11 - (-35)/11?
3
Suppose 0 = s + 128 - 392. List the prime factors of s.
2, 3, 11
Suppose 4*j = 5 + 3. List the prime factors of 21/j*(-4)/(-6).
7
Suppose -4*s + 6*s + 2 = 0. Let b(q) = -10*q**3 - 2*q - 1. List the prime factors of b(s).
11
What are the prime factors of 1/3 + 348/9?
3, 13
Let p = 5 + -3. Let i(g) = 1 - 2*g**2 - g**3 - g + 4*g - g**p. What are the prime factors of i(-4)?
5
Let i = 129 - 62. What are the prime factors of i?
67
Let r = -97 - -193. List the prime factors of r.
2, 3
Let r = -14 + 10. What are the prime factors of -4*(-2)/r - -4?
2
Let f(n) = 7*n**3 + 2*n**2 - 5*n + 4. List the prime factors of f(1).
2
Let a be (-1 - 3/(-9))*-81. Suppose 3*g - 4*g - a = 0. What are the prime factors of ((-4)/(-6))/((-3)/g)?
2, 3
Suppose -4*h + 2*n + 14 = 0, -h + 0*n - 3*n = 7. Suppose -5*k + k = 5*f + 65, -h*f - k = 26. What are the prime factors of (-2 - -1) + -1 - f?
11
Let g be (4 - 2) + -1 - -1. Suppose -2*n - k = -7, -g*k + 0*k = -n + 11. Suppose -52 = -n*a + 33. What are the prime factors of a?
17
Let r = 3 - -409. List the prime factors of r.
2, 103
Let j(n) = -2 + n**2 + 3*n**2 - 6*n + 4*n. List the prime factors of j(2).
2, 5
Let u = 10 + -6. Suppose -u*n = -8, -4*y = -2*n + 4*n - 88. What are the prime factors of y?
3, 7
Let o = -11 + 54. Suppose w - 5*w + 3*m + o = 0, 5*w = 5*m + 60. List the prime factors of w.
7
Let y(s) = 2*s**2 - 7*s - 2. Let n be y(-5). Let g = n - 50. What are the prime factors of g?
3, 11
What are the prime factors of (-760)/(-16) - (-2)/4?
2, 3
Suppose 96 = 2*q + 2*q. List the prime factors of q.
2, 3
Suppose 0 = 2*f - 3*t - 41, 4*f - 5*t = -0*f + 79. Suppose -2*b - f = -6*b. Let h = b - -6. What are the prime factors of h?
2, 5
Suppose -5*r + v = -11, -v + 3 = r + 2. What are the prime factors of r/7 + 480/35?
2, 7
Suppose -3*a - 2*a - 3*w - 18 = 0, -5*a - 4*w - 14 = 0. Let p = a + 9. Suppose -2*h - p = -25. What are the prime factors of h?
11
Let t(m) = 4*m**2 - m + 2. Let z = -5 + 7. Suppose -z*a = a - 6. List the prime factors of t(a).
2
Suppose -5*d + 6*f = 2*f - 1, 0 = 3*d + 4*f + 25. What are the prime factors of ((-24)/28)/(d/42)?
2, 3
Suppose -4*o = -3*t - 22, o + 5*t = -0*o - 6. Suppose o*v - 64 = 4*p, 0 = -3*v - 4*p + p + 30. List the prime factors of v.
13
Suppose 4*i = -3 - 5. Let p(v) = -v**3 - 2*v**2 - v - 2. Let g be p(i). Suppose -3*s + 3*j = -24, g = 2*s + 2*s + 2*j - 8. List the prime factors of s.
2
Let l be 2*-5*(-3)/(-6). Let x = l + 8. Suppose 0*o - 4*n + 19 = 5*o, -o = -x*n. List the prime factors of o.
3
Let b(a) = 2*a + 4. List the prime factors of b(7).
2, 3
Suppose -78 = -5*z - 4*d, 0*z + 5*d = -z + 3. What are the prime factors of 2*(3 - z/(-4))?
3, 5
Let k = 128 - -103. What are the prime factors of k?
3, 7, 11
Suppose 5*s + b + 91 = 0, 3*s + 52 = -2*b - 4. Let k be (-5)/2*12/1. Let t = s - k. List the prime factors of t.
2, 3
Let g be (3 + 21/9)*(-6)/(-4). Let s(m) = -m + 1. Let t be s(-4). Suppose -k = -3*k - t*c - g, 2*c = -k - 2. List the prime factors of k.
2, 3
Let w = -83 - -158. What are the prime factors of w?
3, 5
Let v(p) = 14*p + 9. Let a(u) = 14*u + 8. Let l(k) = -3*a(k) + 2*v(k). What are the prime factors of l(-3)?
2, 3
Let c = 29 + -25. What are the prime factors of c?
2
Suppose 4 = -3*c + 10. Let l be (0 - (2 - 2))/c. Let k = 6 - l. What are the prime factors of k?
2, 3
Let p(y) = y**2 + 7*y + 6. Let u be p(-7). Suppose -3*n - u = -36. List the prime factors of n.
2, 5
Suppose 2*j = 7*j - 345. Suppose -14 = 5*z - j. Suppose 2*f - 7 = -u, 6 = 2*f - u - z. List the prime factors of f.
2, 3
Let k = -5 + 7. Let p = 7 - k. What are the prime factors of p?
5
Let p(g) = g**2 - 4*g + 10. List the prime factors of p(12).
2, 53
Let k(o) = o**3 - 7*o**2 + 10*o - 6. Suppose 2*v + 2*v = 24. List the prime factors of k(v).
2, 3
Let h(m) = -3*m**3 - m**2 + 1. Let s be h(-1). Suppose -2*w + 3*g = -44, -s*w - 23 + 59 = 3*g. List the prime factors of w.
2
Suppose -5 + 15 = -5*m. Let t = m - -26. Suppose 0 = -2*b + 6*b - t. What are the prime factors of b?
2, 3
Suppose -1 = -4*a - 5. Let m = a - -6. Suppose 0*l - 75 = -m*l. List the pr